- 8*k**2 - 11*k + 11. Let r(y) = 8*j(y) - 5*n(y). Calculate r(c).
3
Let t(p) = 6*p - 6. Let s(d) = -2*d - 1. Let f(z) = -2*s(z) - t(z). Calculate f(-9).
26
Suppose -12 = 3*w, -z - 3*w - w - 7 = 0. Let i(s) = -z - 3*s + 4*s - 3*s**2 + 4*s**2. Let v be (7 + -4 + -3)/2. What is i(v)?
-9
Let w(f) = -6*f**2 + f + 1. Let s(t) = t. Let g(j) = j**2 + 2*j - 9. Let z(i) = -g(i) + 5*s(i). Suppose 15*l + 18*l - 165 = 0. Let v be z(l). Give w(v).
-6
Let j(s) = 9*s + 133. Let t be (-1)/((1/7)/(1508/812)). Give j(t).
16
Let q(l) = 2*l**3 - 12*l**3 + 9*l**3 - 7*l**2 - 6*l + 1. Suppose 43 - 55 = 2*o. Give q(o).
1
Let z(l) = l + 2. Let k(m) = -4*m + 19. Let o be k(3). Suppose -o*s + 10*s = -15. Give z(s).
-3
Let u be 1 - (33 + -12)*(-4)/3. Let n(s) = u - 134*s**2 + 6*s - 26 + 133*s**2. Determine n(5).
8
Let b(f) = -f**3 + 5*f**2 + 3*f + 8. Let g(o) = -o**3 - 2*o**2 + 2*o + 2. Let a be g(8). Let s = a - -628. Calculate b(s).
-10
Let r(i) = -i**3 - 2*i**2 - i - 2. Let z be r(-2). Let s(p) = -p**3 - p**2 + p - 32. What is s(z)?
-32
Let x(a) be the second derivative of -2*a - 34 + 1/6*a**3 + 19/2*a**2. What is x(0)?
19
Let r(g) = 0 + 5 + 1 - 2*g. Suppose 9 = -3*m + 4*a - a, -3*a - 21 = 3*m. Let x(f) = -3*f + 9. Let t(h) = m*x(h) + 7*r(h). What is t(-5)?
-8
Let b(j) = 4 - 4 - 6*j + 4 + 4*j. Suppose 0 = t, -4*p + 12*t - 7*t - 68 = 0. Let w = -12 - p. Calculate b(w).
-6
Let c(v) = 8*v - 17 - 32 + 2*v + 21*v - 14*v. What is c(4)?
19
Suppose -17*i - 18*i = -13*i + 330. Let q(s) = s + 7. Calculate q(i).
-8
Let z(v) = v + 7. Let h be ((-17)/85*(-1 - -1))/4. Suppose 8*f + 49 - 1 = h. What is z(f)?
1
Let s(f) = f**3 - 9*f**2 + 14*f + 9. Let c be (96/(-42))/(39/21 - 2). Let t be c/3 + 30/18. What is s(t)?
9
Let d(j) = -9*j**3 + 10*j**3 + 157*j**2 + 169*j**2 - 319*j**2 - 8 + 13*j. Give d(-5).
-23
Let r(u) = -22*u - 65. Let z(n) = n**2 - 20*n - 62. Let o(b) = -3*r(b) + 2*z(b). Give o(-9).
-1
Suppose -24*i - 342 = -222. Let p(u) = -u**2 + u + 11. Calculate p(i).
-19
Let j = -17 + 15. Suppose 0 = 2*a - 44 + 38. Let p be (-2 + a)/((5 + -3)/j). Let h(k) = 9*k. Give h(p).
-9
Let h = -3 - -9. Let t(x) = -11*x + 21. Let n(c) be the first derivative of -5*c**2/2 + 10*c - 16. Let u(v) = 7*n(v) - 3*t(v). What is u(h)?
-5
Let c(b) be the second derivative of 3*b + 0*b**2 - 1/720*b**6 + 0*b**3 + 0 + 0*b**5 - 5/12*b**4. Let k(t) be the third derivative of c(t). Give k(-2).
2
Let c(m) = -36*m + 894. Suppose 3*u + w - 71 = 0, -3*u + 527*w + 95 = 522*w. Determine c(u).
-6
Let d = -605 - -685. Let c(t) = -3 - 36*t + 13*t**2 + 81*t**3 + 48*t - d*t**3. Give c(-12).
-3
Suppose -4*t - 3*m - 7 = -35, 3*m + 12 = 0. Let d(l) = -13*l - 56 + t*l + 55. Let o = -6 + 8. What is d(o)?
-7
Let l(u) = 34*u - 15. Let x(a) = -28*a + 11. Let b(v) = -4*l(v) - 5*x(v). What is b(-2)?
-3
Let h(y) = y**3 - 8*y**2 - 9*y + 2. Suppose 4*i + 30 = -5*x, 4*x = 4*i + 14 - 2. Let d be 0 - (-445)/50 - x/20. What is h(d)?
2
Suppose 0 = 20*a - 13 + 113. Let x(u) = u**3 + 5*u**2 + 5*u + 8. What is x(a)?
-17
Let t(i) = 6*i - 4. Let m = -69 + 150. Let b = m - 84. Give t(b).
-22
Let w(s) be the third derivative of 2/3*s**3 + 0*s + 0 - s**2 - 1/24*s**4. Suppose 0 = -4*c - 5*a + 19, -2*c + 4*a = -5*c + 14. Determine w(c).
-2
Let p(t) = 63*t**3 - 38*t**2 - 9*t + 26. Let o(a) = -29*a**3 + 18*a**2 + 4*a - 14. Let h(g) = 13*o(g) + 6*p(g). What is h(-4)?
14
Suppose -34*u = 76*u + 770. Let c(o) = -2*o**2 - 16*o - 29. Determine c(u).
-15
Let z(o) = -5115*o**3 + 1 + 3*o**2 - 3 + 5116*o**3 - 11*o - 2*o**2. Give z(-5).
-47
Let z(i) = -2*i**3 + 9*i**2 - 3*i - 8. Let m = 2706 - 2702. Determine z(m).
-4
Let d(q) = 3*q**2 + 12*q + 4. Let o(u) = 5681*u**2 + 49*u - 1 - 5668*u**2 + 16. Let r(h) = -9*d(h) + 2*o(h). What is r(-8)?
10
Let l be ((-2)/(-3))/((-1)/(-6)). Suppose -56*p = -49*p - 35. Let a(y) = -2*y + 1. Let k(b) = -2*b + 1. Let c(s) = p*a(s) - 6*k(s). Give c(l).
7
Let o be -2*(-1)/(4/18). Let x(j) = 5*j**2 - 11*j - 9. Let f(s) = -52*s**2 + 111*s + 92. Let u(w) = -2*f(w) - 21*x(w). Determine u(o).
5
Let o(f) = -f**2 - 3*f - 1. Let l = 84 + -87. Let w(i) = -2*i**2 - 15*i - 7. Let h(y) = l*o(y) + w(y). What is h(6)?
-4
Let j(x) be the second derivative of x**5/20 - 5*x**4/12 + x**3/6 - 4*x**2 + 821*x. Suppose -4*t = -w + 3 + 2, 0 = 5*w + 2*t - 25. Give j(w).
-3
Let p be (12/10)/(((-18)/(-20))/3). Suppose 5 = r + 3*w, -p*r = -9*r - 2*w + 12. Suppose -r*h - 2*h = 2*h. Let t(b) = -b + 4. Determine t(h).
4
Let z be -259 - 0/(63/9). Let d = 260 + z. Let p(t) = -5*t**2 - t. Determine p(d).
-6
Let w(b) be the third derivative of 1/60*b**5 + 0 + 0*b - 2*b**2 + 1/24*b**4 + 3/2*b**3. Let z = 57 - 57. What is w(z)?
9
Let t(p) = p - 10. Suppose -9*u = -u. Suppose u = 4*b - 15*b + 33. What is t(b)?
-7
Let o(r) = r**3 + 5*r**2 + 6*r + 5. Let g be 2/((2/8)/((-2)/(-4))). Let p be (-9)/5 + g/(-20). Let f be ((-4)/6)/(p/(-12)). Determine o(f).
-3
Suppose 59*s = 63*s. Suppose 4*k = -3*j - 15 - 5, s = 5*j + 2*k + 10. Let t(c) = -18 + j*c**2 - c**2 + 20. What is t(-3)?
-7
Let y(d) be the second derivative of -4*d + 0*d**2 - 7/3*d**3 - 1/120*d**5 + 0 + 0*d**4. Let s(q) be the second derivative of y(q). What is s(-1)?
1
Let j(o) = -15*o + 9*o**3 + 20*o**2 + 11*o**3 - 2 - 27*o**2 - 19*o**3. Determine j(9).
25
Let p(x) = x**3 - 16*x**2 - 15*x - 39. Let d be p(17). Let s(f) = -f**3 - 7*f**2 + f + 10. Calculate s(d).
-45
Let x(a) = 3*a**2 - 28*a - 9. Let y(h) = -2*h**2 + 22*h + 10. Let s(f) = 3*x(f) + 4*y(f). Calculate s(-5).
18
Let b(x) be the third derivative of -x**6/120 + x**5/4 - x**4/12 - 51*x**3 + 27*x**2 + 39. Calculate b(13).
6
Let y be 1 - 1/3*-6. Let k(z) be the first derivative of -7/3*z**y - 5/2*z**2 - 1/4*z**4 + 5*z + 9. Calculate k(-6).
-1
Suppose 16*x + 81 + 15 = 0. Let u(r) = r - 4. Let m(z) = z - 3. Let l(o) = x*u(o) + 7*m(o). Let v(f) = -f**3 - 2*f**2 + 2*f. Let b be v(-2). Give l(b).
-1
Let a(c) = 16*c - 4. Suppose 0 = 1765*p - 1699*p - 462. Determine a(p).
108
Let k(q) = 117*q - 9. Let o(u) = -97*u + 10. Let z(p) = 5*k(p) + 6*o(p). Give z(-10).
-15
Let q(x) be the second derivative of -3*x**3/2 - 115*x**2/2 - 17*x + 5. Give q(-13).
2
Let y(v) = 336*v - 4039. Let j be y(12). Let f(d) = d**3 + 4*d**2 - 22*d - 17. Determine f(j).
-10
Let o(x) = 12*x**2 + x. Let u(w) = w**3 - 4*w**2 + 5. Let i be u(5). Let h = 37 - i. Suppose -5*g = h - 2. Determine o(g).
11
Let j be (-13 - -11)/(0 - 2). Suppose -x - j = -0*x, -3*x + 32 = -5*z. Let o(c) = c - 9. Determine o(z).
-16
Let s be (-3)/3*(3 + -5). Suppose 5*n + s - 5 = -t, -15 = -5*t + 4*n. Let q be (-4)/(-30)*55 + (-1)/t. Let u(a) = 2*a + 1. What is u(q)?
15
Let u(j) = -6 - j + 5 + 5. Suppose -6 = -3*a - 5*o, 4*o - o = 2*a - 4. Suppose 4*i = a + 38. Calculate u(i).
-6
Suppose 0*f - 2*f + 16 = -3*p, p + 4 = f. Let o(t) = 8919502*t - 4459747*t - 4459753*t + 21. Calculate o(p).
5
Let m(d) be the first derivative of -d**4/4 + 4*d**3/3 + 13*d**2/2 + 17*d + 235. What is m(-2)?
15
Suppose 5*g - 15 + 45 = l, -4*l = -4*g - 40. Let a(z) = -z**2 - 5*z - 4. What is a(g)?
-4
Let p(d) = 34*d - 1370. Let z be p(40). Let y(n) = n**2 + 4*n - 76. Determine y(z).
-16
Let x(p) be the first derivative of -p**2 - 16*p + 776. Give x(-6).
-4
Let p(k) = -5*k**2 + 80*k - 3. Let j be p(16). Let u(o) be the first derivative of o**3/3 + o**2 + 3*o - 26. Calculate u(j).
6
Suppose 98 = 4*x - 2*t, x + t = 15 + 5. Let m = -14 + x. Let i(h) = -h**2 + 8*h + 3. Let a(c) = c**2 - 8*c - 2. Let k(y) = -2*a(y) - 3*i(y). What is k(m)?
4
Let y(o) = -52*o + 5. Let f(p) = -83*p + 9. Let z(s) = -3*f(s) + 5*y(s). Give z(0).
-2
Let x be (-30)/(-135) - (-21)/27. Let i(v) = -v - v**2 + v + 4*v + x - 5*v - 2*v**2. Give i(-2).
-9
Suppose -3*x = 5*p + 30, 2*x - 12 = -5*p - 42. Let i(z) be the first derivative of 43 + 6*z + 1/2*z**2. Calculate i(p).
0
Let j(a) = 4*a**2 + 1. Suppose -339 + 389 = 50*r. Calculate j(r).
5
Suppose 5*m = -4 + 39. Let k(z) be the first derivative of 1/2*z**2 - 3*z + 7. Calculate k(m).
4
Let x(k) = -k. Let f(d) be the first derivative of -d**2 - 7*d - 3. Let u(n) = f(n) + 2*x(n). Suppose 127 - 61 = -11*s. Determine u(s).
17
Let z be 16 - (5 + -8 + 4 - 1). Suppose 4*v + 4*t = z, v - 29*t = -33*t + 7. Let r(a) = 4*a**2 - 2*a. Give r(v).
30
Let c = -10223 + 10219. Let j(i) = 8*i - 2. Let m(p) = 7*p - 1. Let l(y) = -7*y + 1. Let k(x) 